 common factor of 19926 and 648?
162
What is the greatest common divisor of 739477 and 321?
107
Calculate the highest common divisor of 420 and 4179.
21
What is the greatest common divisor of 1183 and 3094?
91
Calculate the highest common divisor of 442 and 1846.
26
What is the greatest common factor of 55085 and 46?
23
Calculate the highest common divisor of 455 and 5033.
7
Calculate the greatest common factor of 29 and 590353.
29
Calculate the highest common divisor of 90387 and 5976.
747
What is the greatest common divisor of 3685 and 11?
11
Calculate the highest common divisor of 1122 and 122672.
374
Calculate the greatest common divisor of 1668 and 451472.
556
What is the highest common divisor of 3758304 and 1056?
1056
What is the greatest common factor of 429 and 13592007?
429
What is the greatest common divisor of 221 and 17446?
13
Calculate the highest common divisor of 64 and 5864.
8
What is the greatest common divisor of 51190 and 220?
10
Calculate the highest common divisor of 91650 and 141.
141
What is the greatest common factor of 237132 and 90?
18
What is the greatest common divisor of 1491325 and 26741?
2057
Calculate the greatest common factor of 79135 and 490.
245
What is the greatest common factor of 729423 and 99?
9
Calculate the highest common divisor of 109 and 2515.
1
Calculate the highest common factor of 136464 and 624.
48
Calculate the highest common factor of 103921 and 17.
17
What is the highest common divisor of 913 and 5312?
83
Calculate the highest common factor of 1272 and 54060.
636
Calculate the greatest common divisor of 918 and 2835.
27
What is the greatest common factor of 183418 and 11134?
586
Calculate the greatest common factor of 17 and 121057.
17
Calculate the greatest common factor of 213 and 5274.
3
Calculate the greatest common divisor of 480 and 577056.
96
What is the highest common divisor of 8180303 and 141?
47
Calculate the highest common factor of 22539 and 88.
11
Calculate the highest common factor of 1248 and 5664.
96
Calculate the greatest common divisor of 1602 and 1719747.
801
Calculate the greatest common divisor of 14 and 503881.
7
Calculate the highest common factor of 2160 and 970.
10
Calculate the highest common factor of 136 and 557056.
136
Calculate the greatest common divisor of 58960 and 11440.
880
Calculate the highest common factor of 23474 and 485.
97
Calculate the highest common divisor of 106 and 837718.
106
Calculate the greatest common factor of 12367 and 11537.
83
Calculate the greatest common factor of 25487 and 1324.
331
What is the highest common divisor of 34848 and 9?
9
Calculate the greatest common factor of 79308 and 36.
36
Calculate the highest common factor of 23 and 87653.
23
What is the greatest common divisor of 3841563 and 22?
11
Calculate the greatest common divisor of 460 and 160885.
115
Calculate the highest common factor of 48363 and 399.
21
What is the greatest common factor of 8701 and 1001?
77
Calculate the greatest common divisor of 804 and 1422678.
402
Calculate the highest common divisor of 1126710 and 5350.
1070
What is the greatest common factor of 523686 and 18?
6
What is the highest common divisor of 3372 and 576?
12
Calculate the highest common divisor of 1138983 and 69.
69
What is the highest common divisor of 9 and 76035?
3
What is the highest common divisor of 40152 and 420?
84
Calculate the greatest common divisor of 1225 and 200.
25
Calculate the highest common factor of 724 and 28.
4
What is the highest common factor of 216 and 50172?
12
What is the highest common factor of 486 and 64?
2
What is the highest common divisor of 56374 and 58?
2
What is the highest common divisor of 82978 and 42?
14
Calculate the highest common divisor of 1080 and 3530.
10
Calculate the highest common factor of 1344 and 3314976.
672
Calculate the greatest common divisor of 44484 and 8448.
132
What is the greatest common divisor of 957 and 37081?
11
What is the highest common factor of 16 and 34632?
8
Calculate the highest common factor of 14976 and 448.
64
Calculate the greatest common factor of 846477 and 4815.
963
What is the greatest common divisor of 26334 and 594?
198
What is the greatest common divisor of 2265 and 1149?
3
Calculate the greatest common factor of 16648 and 16.
8
Calculate the greatest common divisor of 957 and 1032339.
33
Calculate the greatest common divisor of 3698 and 29498.
86
Calculate the greatest common factor of 1786 and 5396.
38
What is the highest common divisor of 48248 and 333?
37
What is the greatest common divisor of 580 and 1580?
20
Calculate the greatest common divisor of 1440948 and 192.
12
What is the highest common divisor of 843 and 696?
3
Calculate the greatest common divisor of 77275 and 55.
55
What is the highest common divisor of 15873 and 165?
33
What is the greatest common factor of 720285 and 62?
31
Calculate the highest common divisor of 322 and 320138.
14
Calculate the greatest common factor of 1050 and 14154.
42
Calculate the highest common divisor of 1035951 and 168.
21
Calculate the greatest common factor of 22 and 40282.
22
Calculate the highest common factor of 58956 and 408.
204
What is the highest common divisor of 2834 and 780?
26
Calculate the highest common divisor of 1809 and 621.
27
What is the highest common factor of 5904 and 414756?
1476
What is the highest common factor of 262 and 53972?
262
What is the greatest common divisor of 17898 and 1254?
114
What is the greatest common factor of 1264 and 4388?
4
Calculate the greatest common divisor of 75330 and 620.
310
Calculate the highest common factor of 43945 and 188.
47
Calculate the highest common divisor of 1400 and 45640.
280
Calculate the highest common factor of 858 and 226746.
78
What is the highest common factor of 224 and 633640?
56
What is the highest common factor of 704 and 2453?
11
What is the greatest common factor of 557695 and 25?
5
Calculate the highest common divisor of 399 and 379183.
133
Calculate the highest common factor of 6622 and 17458.
602
Calculate the greatest common factor of 209 and 13699.
19
Calculate the highest common divisor of 12642 and 1421.
49
Calculate the greatest common factor of 520 and 27976.
104
Calculate the highest common divisor of 275 and 145420.
55
Calculate the highest common divisor of 2890 and 1280.
10
What is the greatest common divisor of 193767 and 168?
21
Calculate the highest common factor of 36 and 18628.
4
Calculate the greatest common factor of 180 and 1520130.
30
Calculate the greatest common divisor of 74583 and 1899.
9
Calculate the highest common factor of 19 and 1043879.
19
What is the highest common divisor of 2592 and 236?
4
Calculate the greatest common factor of 123 and 3624277.
41
Calculate the highest common divisor of 68 and 116.
4
What is the highest common factor of 1215 and 98145?
135
Calculate the greatest common divisor of 255 and 75395.
85
What is the highest common factor of 8076 and 84?
12
Calculate the greatest common factor of 54 and 485352.
54
What is the highest common factor of 1486566 and 108?
54
What is the highest common factor of 818432 and 92?
92
Calculate the greatest common divisor of 687360 and 1280.
1280
Calculate the highest common factor of 314 and 1727942.
314
Calculate the greatest common divisor of 1211 and 8309.
7
Calculate the highest common factor of 433538 and 1074.
358
What is the highest common factor of 2245354 and 290?
58
Calculate the greatest common factor of 5559 and 6791245.
1853
Calculate the highest common divisor of 327 and 12063.
3
What is the highest common factor of 520 and 20690?
10
What is the greatest common factor of 2656 and 1400?
8
Calculate the greatest common divisor of 740 and 46176.
148
What is the greatest common divisor of 12528 and 1856?
464
Calculate the highest common factor of 50 and 20870.
10
Calculate the greatest common factor of 18441 and 243.
27
What is the greatest common divisor of 26638 and 8132?
38
Calculate the highest common factor of 90 and 619065.
45
Calculate the highest common divisor of 1143 and 35442.
9
Calculate the greatest common factor of 34 and 83181.
17
Calculate the highest common factor of 29929 and 692.
173
Calculate the greatest common factor of 146 and 1898.
146
What is the highest commo